68?
True
Is 7074 a multiple of 18?
True
Does 57 divide 550?
False
Is 15 a factor of 525?
True
Is 4 a factor of 1007?
False
Is 6678 a multiple of 21?
True
Does 84 divide 2586?
False
Is 27 a factor of 521?
False
Does 29 divide 551?
True
Is 19 a factor of 747?
False
Is 62127 a multiple of 8?
False
Is 8 a factor of 22373?
False
Does 16 divide 10688?
True
Is 1754 a multiple of 25?
False
Does 39 divide 793?
False
Does 31 divide 50765?
False
Is 3 a factor of 11935?
False
Does 64 divide 519?
False
Does 5 divide 5185?
True
Does 79 divide 1343?
True
Is 103 a factor of 2163?
True
Is 2590 a multiple of 35?
True
Does 184 divide 35308?
False
Does 166 divide 29382?
True
Is 352 a factor of 25667?
False
Does 9 divide 94392?
True
Is 12 a factor of 23357?
False
Is 38 a factor of 9082?
True
Does 62 divide 210?
False
Is 16040 a multiple of 10?
True
Does 4 divide 7073?
False
Is 51 a factor of 5005?
False
Is 1596 a multiple of 12?
True
Is 4 a factor of 184?
True
Is 127 a multiple of 3?
False
Is 59 a factor of 24308?
True
Is 14185 a multiple of 13?
False
Does 16 divide 42208?
True
Is 963 a multiple of 9?
True
Does 6 divide 114?
True
Is 1793 a multiple of 8?
False
Is 880 a multiple of 110?
True
Is 1264 a multiple of 38?
False
Is 2392 a multiple of 52?
True
Is 55 a factor of 8195?
True
Is 89 a multiple of 5?
False
Is 24 a factor of 3340?
False
Does 41 divide 5391?
False
Does 11 divide 6032?
False
Does 13 divide 3588?
True
Is 1750 a multiple of 25?
True
Is 433 a multiple of 8?
False
Does 116 divide 3480?
True
Is 65 a factor of 4220?
False
Does 23 divide 46?
True
Is 99 a factor of 34600?
False
Is 361 a multiple of 4?
False
Does 64 divide 8384?
True
Does 105 divide 4515?
True
Is 162 a factor of 7281?
False
Does 5 divide 1546?
False
Is 1210 a multiple of 2?
True
Is 50 a factor of 2250?
True
Is 3 a factor of 3?
True
Is 108 a multiple of 4?
True
Does 44 divide 528?
True
Is 39 a multiple of 28?
False
Does 56 divide 728?
True
Is 7984 a multiple of 26?
False
Does 11 divide 3018?
False
Is 1845 a multiple of 26?
False
Is 145673 a multiple of 187?
True
Does 89 divide 1846?
False
Is 4392 a multiple of 18?
True
Does 7 divide 154?
True
Is 109 a multiple of 11?
False
Does 22 divide 590?
False
Does 7 divide 2198?
True
Is 3846 a multiple of 5?
False
Is 10 a factor of 1432?
False
Does 22 divide 7505?
False
Does 73 divide 11461?
True
Is 2910 a multiple of 291?
True
Does 19 divide 967?
False
Does 77 divide 3465?
True
Does 2 divide 140?
True
Does 40 divide 1200?
True
Does 14 divide 1116?
False
Does 12 divide 5183?
False
Does 26 divide 1144?
True
Does 25 divide 800?
True
Is 1062 a multiple of 18?
True
Is 34618 a multiple of 19?
True
Does 25 divide 6300?
True
Is 18 a factor of 270?
True
Is 6036 a multiple of 18?
False
Does 48 divide 3468?
False
Is 880 a multiple of 27?
False
Does 5 divide 435?
True
Does 50 divide 850?
True
Does 10 divide 7467?
False
Is 14 a factor of 3441?
False
Is 243 a factor of 61377?
False
Does 37 divide 777?
True
Is 10 a factor of 1180?
True
Is 3570 a multiple of 34?
True
Is 186 a multiple of 31?
True
Does 7 divide 3790?
False
Is 90998 a multiple of 219?
False
Is 4514 a multiple of 62?
False
Is 107 a factor of 6420?
True
Does 2 divide 111?
False
Does 41 divide 123?
True
Is 12303 a multiple of 85?
False
Is 9 a factor of 378?
True
Is 78 a factor of 1210?
False
Is 220 a multiple of 11?
True
Is 300 a factor of 59400?
True
Is 6623 a multiple of 37?
True
Is 2501 a multiple of 10?
False
Is 31 a factor of 1053?
False
Does 45 divide 1215?
True
Does 23 divide 2346?
True
Is 20124 a multiple of 43?
True
Does 26 divide 208?
True
Is 21 a factor of 2688?
True
Does 253 divide 22517?
True
Does 79 divide 8216?
True
Is 15 a factor of 5887?
False
Does 19 divide 295?
False
Does 5 divide 305?
True
Does 9 divide 5797?
False
Is 27004 a multiple of 157?
True
Does 5 divide 60?
True
Is 12 a factor of 6083?
False
Is 58 a factor of 15080?
True
Does 11 divide 44693?
True
Is 187 a factor of 32847?
False
Is 30 a factor of 1111?
False
Is 53 a factor of 5300?
True
Does 183 divide 6039?
True
Does 8 divide 23360?
True
Is 1442 a multiple of 14?
True
Does 3 divide 232?
False
Is 1490 a multiple of 10?
True
Does 24 divide 940?
False
Is 596 a multiple of 18?
False
Is 230 a factor of 20700?
True
Does 40 divide 9296?
False
Is 8610 a multiple of 10?
True
Does 49 divide 4508?
True
Is 36 a factor of 936?
True
Is 628 a multiple of 13?
False
Does 61 divide 9760?
True
Does 24 divide 22521?
False
Is 2688 a multiple of 16?
True
Does 69 divide 13993?
False
Is 928 a multiple of 16?
True
Is 4 a factor of 105?
False
Is 20063 a multiple of 94?
False
Does 36 divide 43452?
True
Is 27 a factor of 1539?
True
Is 4471 a multiple of 97?
False
Is 23280 a multiple of 10?
True
Is 65 a factor of 65?
True
Is 117 a factor of 20943?
True
Is 617 a multiple of 3?
False
Is 730 a multiple of 69?
False
Is 773 a multiple of 5?
False
Does 19 divide 8987?
True
Is 22 a factor of 4048?
True
Is 21 a factor of 506?
False
Is 287 a multiple of 7?
True
Does 60 divide 3055?
False
Does 39 divide 118185?
False
Is 49952 a multiple of 32?
True
Does 108 divide 14148?
True
Does 15 divide 4606?
False
Is 3 a factor of 768?
True
Is 350 a multiple of 35?
True
Is 11700 a multiple of 13?
True
Is 327 a multiple of 36?
False
Is 5 a factor of 1645?
True
Is 9 a factor of 73?
False
Does 7 divide 2926?
True
Is 11 a factor of 1078?
True
Is 1733 a multiple of 14?
False
Does 13 divide 27716?
True
Is 687 a multiple of 6?
False
Does 32 divide 7680?
True
Does 14 divide 616?
True
Is 630 a multiple of 42?
True
Does 109 divide 37893?
False
Is 22 a factor of 3100?
False
Is 942 a multiple of 4?
False
Is 41 a factor of 20008?
True
Is 19 a factor of 1076?
False
Is 35978 a multiple of 14?
False
Does 44 divide 11704?
True
Is 4 a factor of 93?
False
Is 572 a multiple of 13?
True
Is 21697 a multiple of 13?
True
Does 3 divide 10781?
False
Is 6 a factor of 1069?
False
Is 17 a factor of 23835?
False
Is 52 a factor of 2340?
True
Does 38 divide 2590?
False
Does 225 divide 10385?
False
Is 16 a factor of 72?
False
Is 2292 a multiple of 12?
True
Does 10 divide 190?
True
Is 6 a factor of 888?
True
Is 16003 a multiple of 104?
False
Does 54 divide 486?
True
Is 8008 a multiple of 11?
True
Is 8 a factor of 33536?
True
Does 25 divide 700?
True
Is 2300 a multiple of 20?
True
Is 336 a multiple of 12?
True
Is 149 even?
False
Does 26 divide 52?
True
Does 12 divide 6865?
False
Does 3 divide 14535?
True
Does 34 divide 7949?
False
Is 12 a factor of 8067?
False
Does 166 divide 46812?
True
Is 139 a factor of 278?
True
Is 25202 a multiple of 9?
False
Is 5080 a multiple of 8?
True
Is 18 a factor of 4320?
True
Is 1225 a multiple of 25?
True
Is 1160 a multiple of 58?
True
Is 1456 a multiple of 88?
False
Is 14 a factor of 282?
False
Is 7 a factor of 3851?
False
Does 263 divide 18410?
True
Is 3648 a multiple of 16?
True
Does 57 divide 16701?
True
Does 15 divide 450?
True
Does 12 divide 148?
False
Is 3 a factor of 2743?
False
Is 76 a factor of 3796?
False
Does 8 divide 3652?
False
Does 79 divide 11026?
False
Is 2835 a multiple of 9?
True
Is 66 a factor of 5123?
False
Is 4 a factor of 423?
False
Is 14 a factor of 48202?
True
Is 49992 a multiple of 269?
False
Is 701 a multiple of 16?
False
Is 24 a factor of 18546?
False
Is 44 a factor of 310?
False
Is 14 a factor of 1372?
True
Is 46 a factor of 6002?
False
Does 24 divide 1512?
True
Is 1270 a multiple of 35?
False
Does 108 divide 14256?
True
Is 2485 a multiple of 71?
True
Does 247 divide 9633?
True
Does 225 divide 906?
False
Is 2632 a multiple of 28?
True
Does 7 divide 137?
False
Is 5255 a multiple of 101?
False
Does 23 divide 17319?
True
Is 56 a factor of 2232?
False
Does 10 divide 7569?
False
Is 43 a factor of 102874?
False
Does 18 divide 4176?
True
Does 55 divide 708?
False
Is 15 a factor of 9345?
True
Is 2 a factor of 74?
True
Is 9809 a multiple of 27?
False
Is 28779 a multiple of 190?
False
Is 55 a factor of 6411?
False
Is 13 a factor of 34641?
False
Is 15 a factor of 653?
False
Does 12 divide 1306?
False
Is 96 a factor of 96?
True
Is 47 a factor of 1626?
False
Does 12 divide 400?
False
Does 38 divide 21970?
False
Is 52 a factor of 3900?
True
Is 80357 a multiple of 43?
False
Is 87 a factor of 10005?
True
Does 22 divide 252?
False
Is 10 a factor of 608?
False
Is 